a*k - 1. What are the prime factors of k?
13
Let f(l) = -l**3 - 6*l**2 + 7*l + 9. Suppose 2*q = -6 - 8. List the prime factors of f(q).
3
Let j(m) = 2*m + 2*m**3 - 2*m**2 - 45 - m + 43. List the prime factors of j(2).
2
Let f be (-1)/1 + (-5 - -7). What are the prime factors of (-120)/(-9)*(f + 2)?
2, 5
Suppose 5*i - 6*l - 18 = -2*l, l - 4 = -3*i. Suppose -2*c + 4*q + 38 = 0, -2*c - 3*c = -i*q - 111. List the prime factors of c.
23
What are the prime factors of (3/2)/(12/608)?
2, 19
Suppose -5*s = -3*i + 35, -6*i + 3*s = -4*i - 24. Suppose m + 2*m - i = 0. Suppose 2*y + m*j + 1 = y, 0 = -4*y - j + 53. List the prime factors of y.
2, 7
Let d(g) = -g**2 - 4*g + 2. Let i be d(-4). List the prime factors of i*(-30)/(6/(-3)).
2, 3, 5
Let n(d) = 2*d**3 + 2*d**2 - 2*d + 1. Let z be n(1). Suppose z*i - 12 = -3*i. List the prime factors of i.
2
Suppose 9 = -0*w + 3*w - 2*h, -w + 4*h + 3 = 0. Let g = -4 - -11. Let f = g - w. List the prime factors of f.
2
Let x(q) = q**2 - 20*q + 44. What are the prime factors of x(19)?
5
Suppose 0 = -0*t + 2*t - 102. List the prime factors of t.
3, 17
Let v(r) = r**2 + 3*r + 1. Let j be v(-6). Let g = j - 10. List the prime factors of g.
3
Suppose -x = 2*t - 79, x + 4*t = 43 + 34. Suppose -117 = -3*r + 3*g, -2*r = -0*r - 5*g - x. List the prime factors of r.
2, 19
Let h(y) = y**3 - 6*y**2 + 3. Let d be h(6). Suppose -q + 8 = -5*a, -4*q - q + 18 = -d*a. List the prime factors of q.
3
Let c be ((-1)/(-3))/(3/9). Suppose r + c = q, 4*r + 5*q - 45 = -r. List the prime factors of r.
2
Suppose 0 = -4*y - 4 - 0. Let a(m) = 2*m**2 + 1. What are the prime factors of a(y)?
3
Let u = -13 - -20. Suppose 0 = -z - 0*z + u. List the prime factors of z.
7
Let y = 124 + -82. List the prime factors of y.
2, 3, 7
Suppose -k + g = 4 - 3, 3 = 2*k + 3*g. Suppose -2*z = 4*r - 47 + 11, 4*r + z - 36 = k. What are the prime factors of r?
3
Let r(p) = -p**3 - 4*p**2 + 4*p + 7. Let u(a) = -3*a - 1. Let w be u(-3). Let t be (w - 3)/(-1 + 0). What are the prime factors of r(t)?
2, 3
Let q(h) = 7*h**2 + 7*h + 11. List the prime factors of q(-5).
151
Let i(p) = -2*p - 5. Let g be -9 + 5/((-5)/(-3)). What are the prime factors of i(g)?
7
Let k(q) be the first derivative of q**2/2 + 8*q - 1. Let y be k(-8). Suppose -h + 13 = -4*s, y = -4*h + 5*s + 28 + 24. What are the prime factors of h?
13
Let r be (-6)/2 + 8 + -2. Suppose r*y - 75 = -2*y. What are the prime factors of y?
3, 5
Suppose -433 = -4*k + 47. Suppose 0*m = 4*m - k. Suppose 5*j - m = 15. List the prime factors of j.
3
Let q = 3 + -4. Let f be 3 - (-2)/(-1)*q. Suppose 3*k + 43 = 5*r, 3*r - f*k + k = 28. What are the prime factors of r?
2
Let i(s) = -s**2 - 14*s + 4. Let v be i(-14). List the prime factors of 1/v - 1085/(-28).
3, 13
Suppose -23 = -4*d - 0*d + 5*v, 4*d + 1 = -3*v. Suppose -14 = -d*n + 6. Suppose 2*r = 3*m - 0*m - 13, r + n = 2*m. What are the prime factors of m?
7
Let o(v) = v - 1. Let c be o(5). Let u = 8 - c. Suppose 0*r - 32 = -u*r. What are the prime factors of r?
2
Suppose -93 = -7*i + 145. What are the prime factors of i?
2, 17
Let i(h) = -h**3 + 4*h**2 + 3*h - 1. List the prime factors of i(4).
11
Let s be 3 + (2 - 3 - 0). Suppose i - s*i = 0. Suppose i = -3*k - f + 32, 3*f - 80 = -5*k + 8*f. List the prime factors of k.
2, 3
Let f(z) = z**2 + z + 1. What are the prime factors of f(-5)?
3, 7
List the prime factors of (137 - -1)/(-2 - -4).
3, 23
Let q = -15 - -20. Let m(w) = w**3 - 5*w**2 + 5*w - 1. List the prime factors of m(q).
2, 3
Let u(a) = a + 8. Let g be u(-5). What are the prime factors of (-225)/(-10)*(-1 + g)?
3, 5
Suppose 5*c = -3*m + 12, -4*c = -c - m - 10. Suppose -c*n - 19 = -p, -3*p + 0*n - 3 = 3*n. List the prime factors of p.
2
Let c(v) = -v**2 + 8*v. Let w be c(6). Let z = 25 - w. List the prime factors of z.
13
Let l(m) = m**3 - 13*m**2 - 13*m + 10. List the prime factors of l(14).
2, 3
Let u = 59 - 41. Let i = 31 - u. What are the prime factors of i?
13
List the prime factors of -2*(-1175)/10 - (-1)/(-1).
2, 3, 13
Suppose 55*c - 57*c = -150. List the prime factors of c.
3, 5
Suppose -2*v = -2, 4*v = 3*r - 153 + 13. List the prime factors of r.
2, 3
Let y(s) = -s + 10. Let x be y(6). Suppose 0 = x*k - k - 69. List the prime factors of k.
23
Suppose -s - 2 = -2*w + 7, 10 = w + 5*s. Suppose -2*a + 32 = -5*k, 0*a - 2*k = -w*a + 80. List the prime factors of a.
2
Suppose -5*b = 9 + 301. Let r = -9 - b. List the prime factors of r.
53
Let v be -9 + 3/3 + 2. Let q = v + 6. Let j(f) = f**2 - f + 14. What are the prime factors of j(q)?
2, 7
Suppose -8 = d - r, 0 = 4*r - 23 + 3. What are the prime factors of (-1)/d - 497/(-21)?
2, 3
Let o(i) = i + 1. Let j be o(-1). Let z = j - 0. What are the prime factors of z/(-2) + 12/2?
2, 3
Let g = -10 + 59. List the prime factors of g.
7
Let o(c) = 2*c - 2. Let b be o(4). Let x be (b + -2)*66/8. Suppose -r = 2*r - x. What are the prime factors of r?
11
Let k(u) = -u**3 - 4*u**2 - 3*u - 7. Let q be k(-4). Suppose -2*l + 0*l = -q*t + 123, 0 = 4*t - 3*l - 104. What are the prime factors of t?
23
Suppose -8*n + 4*n = 4*g - 264, 0 = -2*g + 2*n + 124. Suppose 81 = -2*a - 2*a + d, -3*a + 4*d - g = 0. Let v = -5 - a. What are the prime factors of v?
3, 5
Suppose -42 = -3*f - 15. What are the prime factors of f?
3
Suppose f + 603 = 4*i, -i = i - 2*f - 306. Suppose -3*x = 2*x - i. Suppose 4*g + g = x. What are the prime factors of g?
2, 3
Let w(q) = q**2 + 3*q + 2. Suppose -3*k - 3*u - 6 = 0, 2 = -k + 3*u - 0. Let o be w(k). Suppose 4*l - 18 - 18 = o. List the prime factors of l.
3
Suppose 323 = 3*p + 4*v, 5*v - 157 = 3*p - 462. List the prime factors of p.
3, 5, 7
Let g(c) = -c**2 - c - 9. Let a be g(0). Let w = -3 - a. What are the prime factors of (-3)/w*-26 - 1?
2, 3
Suppose -h = 3*h - 120. Suppose h = 3*s - s. List the prime factors of s.
3, 5
Suppose -7 = -5*j + 68. Suppose 5*p - j = -0*p. What are the prime factors of p?
3
List the prime factors of -2 - 36/(3/2 + -3).
2, 11
Let g(d) = -d**3 + d + 6. Let t be g(0). Suppose 2*b + 5*r - 6 - 42 = 0, -74 = -4*b + r. Let o = b - t. List the prime factors of o.
13
Suppose -b + 20 = -56. List the prime factors of b.
2, 19
Let d(b) = b**2 + 4*b + 5. Let f be d(-4). Suppose -25 = -3*v + f. List the prime factors of v.
2, 5
Suppose 3*t + 5*t - 2456 = 0. What are the prime factors of t?
307
Suppose -2*u = 2*u - 132. What are the prime factors of u?
3, 11
Let k(q) = 10*q**2 + 3*q - 1. List the prime factors of k(1).
2, 3
List the prime factors of (-260)/(-22) + 12/66.
2, 3
Let q(a) = 5*a**3 - 1. Let z be q(1). Suppose -y - 2 = -2*k + 4, 2*y + 4 = -z*k. List the prime factors of (16/12)/(y/(-30)).
2, 5
Let p(x) = -x. Let u be p(-5). Let j = 14 - u. What are the prime factors of j?
3
Let z = -90 - -174. List the prime factors of z.
2, 3, 7
Let q(y) be the third derivative of 1/24*y**4 + 0 + 2/3*y**3 + 0*y + 4*y**2. List the prime factors of q(9).
13
Let y(z) = z**2 - 6*z + 5. Let t be y(6). Let l = t + 1. List the prime factors of l.
2, 3
Let n be (-2)/(-2) + (-42)/2. Let h be (-8)/n - 36/(-10). Suppose 0*o = -h*o + 40. List the prime factors of o.
2, 5
Let j(g) = 3*g**2 + 19*g - 5. What are the prime factors of j(-10)?
3, 5, 7
Let n(y) = y**3 - 3*y**2 + 6*y + 5. Let a be n(6). Let m = a - 89. Suppose -3*v = -4*p - p + 20, -5*p - 5*v = -m. List the prime factors of p.
7
Suppose -2*t + 58 = 2*q + 2*t, -t = q - 34. List the prime factors of q.
3, 13
Suppose 3*j = -61 + 199. What are the prime factors of j?
2, 23
Let h be (4/6)/(18/135). Suppose h*b - 5 - 40 = 0. List the prime factors of b.
3
Suppose 3*y + 240 = 6*y. Let a = y - 50. List the prime factors of a.
2, 3, 5
Suppose -6*w + 36 - 12 = 0. List the prime factors of w.
2
Suppose 0 = -2*s - 2 + 12. Suppose 5*o = -2*x - 2*x + 89, 2*o = -2*x + 36. Suppose -s*m = -o - 8. List the prime factors of m.
5
Let v be 20176/120 + 4/(-30). Suppose -4*m + 0*m + v = 0. List the prime factors of m.
2, 3, 7
Let i(n) = n**2 - 5*n. Let q be i(5). Suppose q = -m - 3*z - 20, -6*z + 2*z - 120 = 4*m. Let c = m + 51. List the prime factors of c.
2
Let c = -3 - -13. List the prime factors of c.
2, 5
Suppose -3*t = -8*t + 20. Suppose -s - 32 = -2*s. Suppose s = t*a + 4. List the prime factors of a.
7
Suppose -w + 45 = -15. List the prime factors of w.
2, 